{"id":669,"date":"2017-11-24T23:39:09","date_gmt":"2017-11-24T23:39:09","guid":{"rendered":"http:\/\/materiales-sam.org.ar\/sam\/?page_id=669"},"modified":"2026-04-20T20:26:53","modified_gmt":"2026-04-20T23:26:53","slug":"jornadas-1","status":"publish","type":"page","link":"http:\/\/materiales-sam.org.ar\/sam\/jornadas-1\/","title":{"rendered":"Congresos SAM"},"content":{"rendered":"\n<h6 class=\"wp-block-heading\">&nbsp;<\/h6>\n\n\n\n<h6 class=\"wp-block-heading\">&nbsp;<\/h6>\n\n\n\n<div class=\"wp-block-media-text is-stacked-on-mobile\"><figure class=\"wp-block-media-text__media\"><img loading=\"lazy\" decoding=\"async\" width=\"731\" height=\"499\" src=\"http:\/\/materiales-sam.org.ar\/sam\/wp-content\/uploads\/2026\/04\/image.png\" alt=\"\" class=\"wp-image-2943 size-full\" srcset=\"http:\/\/materiales-sam.org.ar\/sam\/wp-content\/uploads\/2026\/04\/image.png 731w, http:\/\/materiales-sam.org.ar\/sam\/wp-content\/uploads\/2026\/04\/image-300x205.png 300w, http:\/\/materiales-sam.org.ar\/sam\/wp-content\/uploads\/2026\/04\/image-700x478.png 700w, http:\/\/materiales-sam.org.ar\/sam\/wp-content\/uploads\/2026\/04\/image-410x280.png 410w, http:\/\/materiales-sam.org.ar\/sam\/wp-content\/uploads\/2026\/04\/image-100x68.png 100w, http:\/\/materiales-sam.org.ar\/sam\/wp-content\/uploads\/2026\/04\/image-275x188.png 275w\" sizes=\"auto, (max-width: 731px) 100vw, 731px\" \/><\/figure><div class=\"wp-block-media-text__content\">\n<p class=\"has-medium-font-size\"><strong>SAM CONAMET 2024 &#8211; Buenos Aires<\/strong> <\/p>\n\n\n\n<figure class=\"wp-block-image size-full is-resized\"><a href=\"http:\/\/materiales-sam.org.ar\/sam\/wp-content\/uploads\/2024\/02\/logo-sam-conamet-solo.jpeg\"><img loading=\"lazy\" decoding=\"async\" width=\"302\" height=\"302\" src=\"http:\/\/materiales-sam.org.ar\/sam\/wp-content\/uploads\/2024\/02\/logo-sam-conamet-solo.jpeg\" alt=\"\" class=\"wp-image-2567\" style=\"width:197px;height:auto\" srcset=\"http:\/\/materiales-sam.org.ar\/sam\/wp-content\/uploads\/2024\/02\/logo-sam-conamet-solo.jpeg 302w, http:\/\/materiales-sam.org.ar\/sam\/wp-content\/uploads\/2024\/02\/logo-sam-conamet-solo-300x300.jpeg 300w, http:\/\/materiales-sam.org.ar\/sam\/wp-content\/uploads\/2024\/02\/logo-sam-conamet-solo-150x150.jpeg 150w, http:\/\/materiales-sam.org.ar\/sam\/wp-content\/uploads\/2024\/02\/logo-sam-conamet-solo-100x100.jpeg 100w, http:\/\/materiales-sam.org.ar\/sam\/wp-content\/uploads\/2024\/02\/logo-sam-conamet-solo-275x275.jpeg 275w\" sizes=\"auto, (max-width: 302px) 100vw, 302px\" \/><\/a><\/figure>\n<\/div><\/div>\n\n\n\n<h4 class=\"wp-block-heading\"><a href=\"http:\/\/materiales-sam.org.ar\/sam\/wp-content\/uploads\/2018\/11\/Grupal-reducida-800x400.jpg\"><\/a><\/h4>\n\n\n\n<hr class=\"wp-block-separator has-alpha-channel-opacity\"\/>\n\n\n\n<div class=\"wp-block-media-text is-stacked-on-mobile\" style=\"grid-template-columns:29% auto\"><figure class=\"wp-block-media-text__media\"><img loading=\"lazy\" decoding=\"async\" width=\"216\" height=\"420\" src=\"http:\/\/materiales-sam.org.ar\/sam\/wp-content\/uploads\/2026\/04\/cONAMET-2023.png\" alt=\"\" class=\"wp-image-2950 size-full\" srcset=\"http:\/\/materiales-sam.org.ar\/sam\/wp-content\/uploads\/2026\/04\/cONAMET-2023.png 216w, http:\/\/materiales-sam.org.ar\/sam\/wp-content\/uploads\/2026\/04\/cONAMET-2023-154x300.png 154w, http:\/\/materiales-sam.org.ar\/sam\/wp-content\/uploads\/2026\/04\/cONAMET-2023-100x194.png 100w\" sizes=\"auto, (max-width: 216px) 100vw, 216px\" \/><\/figure><div class=\"wp-block-media-text__content\">\n<p class=\"has-medium-font-size\"><strong>CONAMET SAM 2023 -Vi\u00f1a del Mar &#8211; Chile<\/strong><\/p>\n<\/div><\/div>\n\n\n\n<hr class=\"wp-block-separator has-alpha-channel-opacity\"\/>\n\n\n\n<div class=\"wp-block-media-text is-stacked-on-mobile\"><figure class=\"wp-block-media-text__media\"><img loading=\"lazy\" decoding=\"async\" width=\"363\" height=\"383\" src=\"http:\/\/materiales-sam.org.ar\/sam\/wp-content\/uploads\/2026\/04\/SAM-2022.png\" alt=\"\" class=\"wp-image-2946 size-full\" srcset=\"http:\/\/materiales-sam.org.ar\/sam\/wp-content\/uploads\/2026\/04\/SAM-2022.png 363w, http:\/\/materiales-sam.org.ar\/sam\/wp-content\/uploads\/2026\/04\/SAM-2022-284x300.png 284w, http:\/\/materiales-sam.org.ar\/sam\/wp-content\/uploads\/2026\/04\/SAM-2022-100x106.png 100w, http:\/\/materiales-sam.org.ar\/sam\/wp-content\/uploads\/2026\/04\/SAM-2022-275x290.png 275w\" sizes=\"auto, (max-width: 363px) 100vw, 363px\" \/><\/figure><div class=\"wp-block-media-text__content\">\n<p class=\"has-medium-font-size\"><strong>SAM CONAMET 2022 &#8211; Mar del Plata<\/strong><\/p>\n<\/div><\/div>\n\n\n\n<hr class=\"wp-block-separator has-alpha-channel-opacity\"\/>\n\n\n\n<div class=\"wp-block-media-text is-stacked-on-mobile\" style=\"grid-template-columns:37% auto\"><figure class=\"wp-block-media-text__media\"><img loading=\"lazy\" decoding=\"async\" width=\"556\" height=\"554\" src=\"http:\/\/materiales-sam.org.ar\/sam\/wp-content\/uploads\/2026\/04\/SAM-2019-Chile-1.png\" alt=\"\" class=\"wp-image-2949 size-full\" srcset=\"http:\/\/materiales-sam.org.ar\/sam\/wp-content\/uploads\/2026\/04\/SAM-2019-Chile-1.png 556w, http:\/\/materiales-sam.org.ar\/sam\/wp-content\/uploads\/2026\/04\/SAM-2019-Chile-1-300x300.png 300w, http:\/\/materiales-sam.org.ar\/sam\/wp-content\/uploads\/2026\/04\/SAM-2019-Chile-1-150x150.png 150w, http:\/\/materiales-sam.org.ar\/sam\/wp-content\/uploads\/2026\/04\/SAM-2019-Chile-1-410x409.png 410w, http:\/\/materiales-sam.org.ar\/sam\/wp-content\/uploads\/2026\/04\/SAM-2019-Chile-1-100x100.png 100w, http:\/\/materiales-sam.org.ar\/sam\/wp-content\/uploads\/2026\/04\/SAM-2019-Chile-1-275x274.png 275w\" sizes=\"auto, (max-width: 556px) 100vw, 556px\" \/><\/figure><div class=\"wp-block-media-text__content\">\n<p class=\"has-medium-font-size\"><strong>CONAMET SAM 2019 &#8211; Valdivia &#8211; Chile<\/strong><\/p>\n<\/div><\/div>\n\n\n\n<hr class=\"wp-block-separator has-alpha-channel-opacity\"\/>\n\n\n\n<div class=\"wp-block-media-text is-stacked-on-mobile\"><figure class=\"wp-block-media-text__media\"><img loading=\"lazy\" decoding=\"async\" width=\"526\" height=\"267\" src=\"http:\/\/materiales-sam.org.ar\/sam\/wp-content\/uploads\/2026\/04\/SAM-2018.png\" alt=\"\" class=\"wp-image-2945 size-full\" srcset=\"http:\/\/materiales-sam.org.ar\/sam\/wp-content\/uploads\/2026\/04\/SAM-2018.png 526w, http:\/\/materiales-sam.org.ar\/sam\/wp-content\/uploads\/2026\/04\/SAM-2018-300x152.png 300w, http:\/\/materiales-sam.org.ar\/sam\/wp-content\/uploads\/2026\/04\/SAM-2018-410x208.png 410w, http:\/\/materiales-sam.org.ar\/sam\/wp-content\/uploads\/2026\/04\/SAM-2018-100x51.png 100w, http:\/\/materiales-sam.org.ar\/sam\/wp-content\/uploads\/2026\/04\/SAM-2018-275x140.png 275w\" sizes=\"auto, (max-width: 526px) 100vw, 526px\" \/><\/figure><div class=\"wp-block-media-text__content\">\n<p class=\"has-medium-font-size\"><strong>SAM CONAMET 2018 &#8211; Bariloche<\/strong><\/p>\n<\/div><\/div>\n\n\n\n<hr class=\"wp-block-separator has-alpha-channel-opacity\"\/>\n\n\n\n<h6 class=\"wp-block-heading\"><figure><a href=\"http:\/\/materiales-sam.org.ar\/sam\/wp-content\/uploads\/2017\/11\/sl6.png\"><img loading=\"lazy\" decoding=\"async\" class=\"wp-image-1285 alignleft\" src=\"http:\/\/materiales-sam.org.ar\/sam\/wp-content\/uploads\/2017\/11\/sl6-300x61.png\" alt=\"sl6\" width=\"448\" height=\"91\" srcset=\"http:\/\/materiales-sam.org.ar\/sam\/wp-content\/uploads\/2017\/11\/sl6-300x61.png 300w, http:\/\/materiales-sam.org.ar\/sam\/wp-content\/uploads\/2017\/11\/sl6-768x157.png 768w, http:\/\/materiales-sam.org.ar\/sam\/wp-content\/uploads\/2017\/11\/sl6-700x143.png 700w, http:\/\/materiales-sam.org.ar\/sam\/wp-content\/uploads\/2017\/11\/sl6-410x84.png 410w, http:\/\/materiales-sam.org.ar\/sam\/wp-content\/uploads\/2017\/11\/sl6-100x20.png 100w, http:\/\/materiales-sam.org.ar\/sam\/wp-content\/uploads\/2017\/11\/sl6-275x56.png 275w, http:\/\/materiales-sam.org.ar\/sam\/wp-content\/uploads\/2017\/11\/sl6.png 960w\" sizes=\"auto, (max-width: 448px) 100vw, 448px\" \/><\/a><\/figure>&nbsp;CONAMET SAM 2017<\/h6>\n\n\n\n<p>&nbsp;<\/p>\n\n\n\n<p>&nbsp;&nbsp;&nbsp;<\/p>\n\n\n\n<hr class=\"wp-block-separator has-alpha-channel-opacity\"\/>\n\n\n\n<h6 class=\"wp-block-heading\"><figure><a href=\"http:\/\/materiales-sam.org.ar\/sam\/wp-content\/uploads\/2017\/11\/sam-2016.png\"><img loading=\"lazy\" decoding=\"async\" class=\"size-medium wp-image-1283 alignleft\" src=\"http:\/\/materiales-sam.org.ar\/sam\/wp-content\/uploads\/2017\/11\/sam-2016-300x148.png\" alt=\"sam 2016\" width=\"300\" height=\"148\" srcset=\"http:\/\/materiales-sam.org.ar\/sam\/wp-content\/uploads\/2017\/11\/sam-2016-300x148.png 300w, http:\/\/materiales-sam.org.ar\/sam\/wp-content\/uploads\/2017\/11\/sam-2016-768x378.png 768w, http:\/\/materiales-sam.org.ar\/sam\/wp-content\/uploads\/2017\/11\/sam-2016-1024x504.png 1024w, http:\/\/materiales-sam.org.ar\/sam\/wp-content\/uploads\/2017\/11\/sam-2016-700x344.png 700w, http:\/\/materiales-sam.org.ar\/sam\/wp-content\/uploads\/2017\/11\/sam-2016-410x202.png 410w, http:\/\/materiales-sam.org.ar\/sam\/wp-content\/uploads\/2017\/11\/sam-2016-100x49.png 100w, http:\/\/materiales-sam.org.ar\/sam\/wp-content\/uploads\/2017\/11\/sam-2016-275x135.png 275w, http:\/\/materiales-sam.org.ar\/sam\/wp-content\/uploads\/2017\/11\/sam-2016.png 1136w\" sizes=\"auto, (max-width: 300px) 100vw, 300px\" \/><\/a><\/figure>SAM CONAMET 2016<\/h6>\n\n\n\n<p>16 \u00ba Congreso Intrnacional de Metalurgia y Materiales 22 al 25 de Noviembre 2016 C\u00f3rdoba, Argentina<\/p>\n\n\n\n<p>&nbsp;<\/p>\n\n\n\n<p>&nbsp;&nbsp;<\/p>\n\n\n\n<hr class=\"wp-block-separator has-alpha-channel-opacity\"\/>\n\n\n\n<h6 class=\"wp-block-heading\"><figure><a href=\"http:\/\/materiales-sam.org.ar\/sam\/wp-content\/uploads\/2017\/11\/2015-sam.jpg\"><img loading=\"lazy\" decoding=\"async\" class=\"wp-image-1253 alignleft\" src=\"http:\/\/materiales-sam.org.ar\/sam\/wp-content\/uploads\/2017\/11\/2015-sam-300x218.jpg\" alt=\"2015 sam\" width=\"205\" height=\"149\" srcset=\"http:\/\/materiales-sam.org.ar\/sam\/wp-content\/uploads\/2017\/11\/2015-sam-300x218.jpg 300w, http:\/\/materiales-sam.org.ar\/sam\/wp-content\/uploads\/2017\/11\/2015-sam-768x558.jpg 768w, http:\/\/materiales-sam.org.ar\/sam\/wp-content\/uploads\/2017\/11\/2015-sam-700x508.jpg 700w, http:\/\/materiales-sam.org.ar\/sam\/wp-content\/uploads\/2017\/11\/2015-sam-410x298.jpg 410w, http:\/\/materiales-sam.org.ar\/sam\/wp-content\/uploads\/2017\/11\/2015-sam-100x73.jpg 100w, http:\/\/materiales-sam.org.ar\/sam\/wp-content\/uploads\/2017\/11\/2015-sam-275x200.jpg 275w, http:\/\/materiales-sam.org.ar\/sam\/wp-content\/uploads\/2017\/11\/2015-sam.jpg 800w\" sizes=\"auto, (max-width: 205px) 100vw, 205px\" \/><\/a><\/figure>&nbsp;CONAMET\/SAM 2015<\/h6>\n\n\n\n<p>15 \u00ba Congreso Binacional de Metalurgia y Materiales 17 al 20 de Noviembre 2015 Departamento de Ingenier\u00eda en Materiales (DIMAT)<br>Universidad de Concepci\u00f3n<br>Concepci\u00f3n, Chile<\/p>\n\n\n\n<p>&nbsp;&nbsp;<\/p>\n\n\n\n<hr class=\"wp-block-separator has-alpha-channel-opacity\"\/>\n\n\n\n<h6 class=\"wp-block-heading\"><figure><a href=\"http:\/\/materiales-sam.org.ar\/sam\/wp-content\/uploads\/2017\/11\/2014jornada.png\"><img loading=\"lazy\" decoding=\"async\" class=\" wp-image-1263 alignleft\" src=\"http:\/\/materiales-sam.org.ar\/sam\/wp-content\/uploads\/2017\/11\/2014jornada-212x300.png\" alt=\"2014jornada\" width=\"126\" height=\"178\" srcset=\"http:\/\/materiales-sam.org.ar\/sam\/wp-content\/uploads\/2017\/11\/2014jornada-212x300.png 212w, http:\/\/materiales-sam.org.ar\/sam\/wp-content\/uploads\/2017\/11\/2014jornada-768x1087.png 768w, http:\/\/materiales-sam.org.ar\/sam\/wp-content\/uploads\/2017\/11\/2014jornada-723x1024.png 723w, http:\/\/materiales-sam.org.ar\/sam\/wp-content\/uploads\/2017\/11\/2014jornada-700x991.png 700w, http:\/\/materiales-sam.org.ar\/sam\/wp-content\/uploads\/2017\/11\/2014jornada-410x580.png 410w, http:\/\/materiales-sam.org.ar\/sam\/wp-content\/uploads\/2017\/11\/2014jornada-100x142.png 100w, http:\/\/materiales-sam.org.ar\/sam\/wp-content\/uploads\/2017\/11\/2014jornada-275x389.png 275w, http:\/\/materiales-sam.org.ar\/sam\/wp-content\/uploads\/2017\/11\/2014jornada.png 1759w\" sizes=\"auto, (max-width: 126px) 100vw, 126px\" \/><\/a><\/figure>SAM &#8211; CONAMET 2014 &#8211; IBEROMAT XIII<\/h6>\n\n\n\n<p>14\u00ba Congreso Internacional en Ciencia y Tecnolog\u00eda de Metalurgia y Materiales<br>Congreso Iberoamericano de Metalurgia y Materiales Estaci\u00f3n Belgrano | Santa Fe- ARG<br>21 &#8211; 24 Octubre 2014<br>Santa Fe &#8211; Argentina<\/p>\n\n\n\n<p>&nbsp;<\/p>\n\n\n\n<p>&nbsp;&nbsp;<\/p>\n\n\n\n<hr class=\"wp-block-separator has-alpha-channel-opacity\"\/>\n\n\n\n<h6 class=\"wp-block-heading\"><figure><a href=\"http:\/\/materiales-sam.org.ar\/sam\/wp-content\/uploads\/2017\/11\/conamet2013.jpg\"><img loading=\"lazy\" decoding=\"async\" class=\" wp-image-1255 alignleft\" src=\"http:\/\/materiales-sam.org.ar\/sam\/wp-content\/uploads\/2017\/11\/conamet2013-165x300.jpg\" alt=\"conamet2013\" width=\"135\" height=\"245\" srcset=\"http:\/\/materiales-sam.org.ar\/sam\/wp-content\/uploads\/2017\/11\/conamet2013-165x300.jpg 165w, http:\/\/materiales-sam.org.ar\/sam\/wp-content\/uploads\/2017\/11\/conamet2013-100x182.jpg 100w, http:\/\/materiales-sam.org.ar\/sam\/wp-content\/uploads\/2017\/11\/conamet2013.jpg 169w\" sizes=\"auto, (max-width: 135px) 100vw, 135px\" \/><\/a><\/figure><\/h6>\n\n\n\n<h6 class=\"wp-block-heading\">SAM &#8211; CONAMET 2013<\/h6>\n\n\n\n<p>13\u00ba Congreso Internacional en Ciencia y Tecnolog\u00eda de Metalurgia y Materiales<\/p>\n\n\n\n<p>Hotel Amerian Iguaz\u00fa | Pto. Iguaz\u00fa &#8211; ARG<br>20 &#8211; 23 Agosto 2013<br>Iguaz\u00fa &#8211; Argentina<\/p>\n\n\n\n<p>&nbsp;<\/p>\n\n\n\n<p>&nbsp;&nbsp;&nbsp;<\/p>\n\n\n\n<hr class=\"wp-block-separator has-alpha-channel-opacity\"\/>\n\n\n\n<h6 class=\"wp-block-heading\">C<figure><a href=\"http:\/\/materiales-sam.org.ar\/sam\/wp-content\/uploads\/2017\/11\/sam-2012.jpg\"><img loading=\"lazy\" decoding=\"async\" class=\" wp-image-1257 alignleft\" src=\"http:\/\/materiales-sam.org.ar\/sam\/wp-content\/uploads\/2017\/11\/sam-2012.jpg\" alt=\"sam 2012\" width=\"141\" height=\"214\" srcset=\"http:\/\/materiales-sam.org.ar\/sam\/wp-content\/uploads\/2017\/11\/sam-2012.jpg 169w, http:\/\/materiales-sam.org.ar\/sam\/wp-content\/uploads\/2017\/11\/sam-2012-100x152.jpg 100w\" sizes=\"auto, (max-width: 141px) 100vw, 141px\" \/><\/a><\/figure>ONAMET\/SAM 2012<\/h6>\n\n\n\n<p>12\u00ba Congreso Binacional de Metalurgia y Materiales 22 al 26 de Octubre 2012<br>Universidad T\u00e9cnica Federico Santa Mar\u00eda<br>Valpara\u00edso, Chile<\/p>\n\n\n\n<p>&nbsp;<\/p>\n\n\n\n<p>&nbsp;&nbsp;<\/p>\n\n\n\n<h6 class=\"wp-block-heading\">2011 &#8211; SAM-CONAMET<\/h6>\n\n\n\n<p>Realizada en Rosario, Argentina, los d\u00edas 18 al 21 de octubre.<\/p>\n\n\n\n<h6 class=\"wp-block-heading\">2010 &#8211; CONAMET-SAM<\/h6>\n\n\n\n<p>Realizada en Vi\u00f1a del Mar, Chile, los d\u00edas 2 al 5 de noviembre.<\/p>\n\n\n\n<h6 class=\"wp-block-heading\">2009 &#8211; SAM-CONAMET<\/h6>\n\n\n\n<p>Realizada en Buenos Aires, Argentina, los d\u00edas 19 al 23 de octubre.<\/p>\n\n\n\n<h6 class=\"wp-block-heading\">2008 \u2013 CONAMET \u2013 SAM<\/h6>\n\n\n\n<p>Realizada en Santiago, Chile del 28 al 31 de octubre.2007 \u2013 SAM \u2013 CONAMET. Realizada en San Nicol\u00e1s, Buenos Aires, Argentina del 4 al 7 de septiembre.<\/p>\n\n\n\n<h6 class=\"wp-block-heading\">2006 \u2013 CONAMET \u2013 SAM<\/h6>\n\n\n\n<p>Realizada en Santiago, Chile del 28 de noviembre al 1 de diciembre.<\/p>\n\n\n\n<h6 class=\"wp-block-heading\">2005 \u2013 SAM \u2013 CONAMET<\/h6>\n\n\n\n<p>Realizada en Mar del Plata, Buenos Aires, Argentina del 18 al 21 Octubre.<\/p>\n\n\n\n<h6 class=\"wp-block-heading\">2004 \u2013 CONAMET \u2013 SAM<\/h6>\n\n\n\n<p>Realizada en La Serena, Chile del 03 al 04 de noviembre<\/p>\n\n\n\n<h6 class=\"wp-block-heading\">2003 \u2013 SAM \u2013 CONAMET<\/h6>\n\n\n\n<p>Realizada en Bariloche, R\u00edo Negro Argentina del&nbsp; 17 al 21 de noviembre.<\/p>\n\n\n\n<h6 class=\"wp-block-heading\">2002 \u2013 CONAMET \u2013 SAM<\/h6>\n\n\n\n<p>Realizada en Santiago, Chile del 12 al 15 de noviembre.<\/p>\n\n\n\n<h6 class=\"wp-block-heading\">2001 \u2013 SAM \u2013 CONAMET<\/h6>\n\n\n\n<p>Realizada en Posadas, Misiones, Argentina del 12 al 14 de octubre.<\/p>\n\n\n\n<h6 class=\"wp-block-heading\">2000 \u2013 SAM<\/h6>\n\n\n\n<p>Realizada en Neuqu\u00e9n, Neuqu\u00e9n, Argentina del 16 al 18 de&nbsp; agosto.<\/p>\n\n\n\n<h6 class=\"wp-block-heading\">1999 \u2013 SAM<\/h6>\n\n\n\n<p>Realizada en Rafaela, Santa Fe, Argentina. (*)<\/p>\n\n\n\n<h6 class=\"wp-block-heading\">1998 Jornadas SAM<\/h6>\n\n\n\n<p>Realizada en Rosario, Santa Fe, Argentina del 14 al 18 de septiembre (conjuntamente con IBEROMET V)<\/p>\n\n\n\n<h6 class=\"wp-block-heading\">1997 Jornadas SAM (*)<\/h6>\n\n\n\n<h6 class=\"wp-block-heading\">1996 Jornadas SAM Realizadas en Jujuy&nbsp; (*)<\/h6>\n\n\n\n<h6 class=\"wp-block-heading\">1995 Jornadas SAM Realizadas en la ciudad de C\u00f3rdoba. (*)<\/h6>\n\n\n\n<h6 class=\"wp-block-heading\">1994 Jornadas SAM Realizadas en la ciudad de Bah\u00eda Blanca, entre los d\u00edas 7&nbsp; al 10 de junio.<\/h6>\n\n\n\n<h6 class=\"wp-block-heading\">1993 Jornadas Metal\u00fargicas Realizadas en la ciudad de Bariloche, desde el 13 al 16 de abril.<\/h6>\n\n\n\n<p>(*) Los datos que no se muestran est\u00e1n pendientes de verificaci\u00f3n.<\/p>\n\n\n\n<p>&nbsp;<\/p>\n","protected":false},"excerpt":{"rendered":"<p>&nbsp; &nbsp; CONAMET SAM 2023 -Vi\u00f1a del Mar &#8211; Chile SAM CONAMET 2022 &#8211; Mar del Plata CONAMET SAM 2019 &#8211; Valdivia &#8211; Chile SAM CONAMET 2018 &#8211; Bariloche &nbsp;CONAMET SAM 2017 &nbsp; &nbsp;&nbsp;&nbsp; SAM CONAMET 2016 16 \u00ba Congreso Intrnacional de Metalurgia y Materiales 22 al 25 de Noviembre 2016 C\u00f3rdoba, Argentina &nbsp; &nbsp;&nbsp; [&hellip;]<\/p>\n","protected":false},"author":5,"featured_media":0,"parent":0,"menu_order":0,"comment_status":"closed","ping_status":"closed","template":"","meta":{"footnotes":""},"class_list":["post-669","page","type-page","status-publish","hentry"],"_links":{"self":[{"href":"http:\/\/materiales-sam.org.ar\/sam\/wp-json\/wp\/v2\/pages\/669","targetHints":{"allow":["GET"]}}],"collection":[{"href":"http:\/\/materiales-sam.org.ar\/sam\/wp-json\/wp\/v2\/pages"}],"about":[{"href":"http:\/\/materiales-sam.org.ar\/sam\/wp-json\/wp\/v2\/types\/page"}],"author":[{"embeddable":true,"href":"http:\/\/materiales-sam.org.ar\/sam\/wp-json\/wp\/v2\/users\/5"}],"replies":[{"embeddable":true,"href":"http:\/\/materiales-sam.org.ar\/sam\/wp-json\/wp\/v2\/comments?post=669"}],"version-history":[{"count":17,"href":"http:\/\/materiales-sam.org.ar\/sam\/wp-json\/wp\/v2\/pages\/669\/revisions"}],"predecessor-version":[{"id":2957,"href":"http:\/\/materiales-sam.org.ar\/sam\/wp-json\/wp\/v2\/pages\/669\/revisions\/2957"}],"wp:attachment":[{"href":"http:\/\/materiales-sam.org.ar\/sam\/wp-json\/wp\/v2\/media?parent=669"}],"curies":[{"name":"wp","href":"https:\/\/api.w.org\/{rel}","templated":true}]}}