{"id":171,"date":"2017-03-22T11:57:50","date_gmt":"2017-03-22T11:57:50","guid":{"rendered":"http:\/\/materiales-sam.org.ar\/sam\/?page_id=171"},"modified":"2025-09-22T12:12:37","modified_gmt":"2025-09-22T15:12:37","slug":"asociacion-argentina-de-materiales","status":"publish","type":"page","link":"http:\/\/materiales-sam.org.ar\/sam\/","title":{"rendered":""},"content":{"rendered":"<div class=\"wp-block-image\">\n<figure class=\"aligncenter size-large\"><a href=\"http:\/\/materiales-sam.org.ar\/sam\/wp-content\/uploads\/2025\/03\/proaganda.jpg\"><img loading=\"lazy\" decoding=\"async\" width=\"1024\" height=\"408\" src=\"http:\/\/materiales-sam.org.ar\/sam\/wp-content\/uploads\/2025\/03\/proaganda-1024x408.jpg\" alt=\"\" class=\"wp-image-2682\" srcset=\"http:\/\/materiales-sam.org.ar\/sam\/wp-content\/uploads\/2025\/03\/proaganda-1024x408.jpg 1024w, http:\/\/materiales-sam.org.ar\/sam\/wp-content\/uploads\/2025\/03\/proaganda-300x119.jpg 300w, http:\/\/materiales-sam.org.ar\/sam\/wp-content\/uploads\/2025\/03\/proaganda-768x306.jpg 768w, http:\/\/materiales-sam.org.ar\/sam\/wp-content\/uploads\/2025\/03\/proaganda-1536x612.jpg 1536w, http:\/\/materiales-sam.org.ar\/sam\/wp-content\/uploads\/2025\/03\/proaganda-700x279.jpg 700w, http:\/\/materiales-sam.org.ar\/sam\/wp-content\/uploads\/2025\/03\/proaganda-410x163.jpg 410w, http:\/\/materiales-sam.org.ar\/sam\/wp-content\/uploads\/2025\/03\/proaganda-100x40.jpg 100w, http:\/\/materiales-sam.org.ar\/sam\/wp-content\/uploads\/2025\/03\/proaganda-275x110.jpg 275w, http:\/\/materiales-sam.org.ar\/sam\/wp-content\/uploads\/2025\/03\/proaganda.jpg 1808w\" sizes=\"auto, (max-width: 1024px) 100vw, 1024px\" \/><\/a><\/figure>\n<\/div>\n\n\n<p class=\"has-black-color has-pale-cyan-blue-background-color has-text-color has-background has-link-color has-medium-font-size wp-elements-5d3990eb7baa2746142734f72995997b\"><strong>SPONSORS DEL JIM 2025 que apoyan a los J\u00f3venes, la Ciencia y la Tecnolog\u00eda<\/strong> <a href=\"http:\/\/materiales-sam.org.ar\/sam\/sponsors-del-jim-2025\/\" data-type=\"page\" data-id=\"2840\" target=\"_blank\" rel=\"noreferrer noopener\">ver aqu\u00ed<\/a><\/p>\n\n\n<div ><style id=\"wp_carousel_dynamic_css2797\">#sp-wp-carousel-free-id-2797 .wpcp-swiper-dots {margin: 40px 0px 0px 0px;}.wpcp-wrapper-2797 .swiper-wrapper .swiper-slide-kenburn, .wpcp-wrapper-2797 .swiper-wrapper, .wpcp-wrapper-2797 .wpcpro-row{align-items: center;}#sp-wp-carousel-free-id-2797 .wpcp-single-item {box-shadow: 0px 0px 0px 0px #dddddd;transition: all .3s;margin: 0px;}#sp-wp-carousel-free-id-2797.swiper-flip .wpcp-single-item{margin: 0!important;}#sp-wp-carousel-free-id-2797 .wpcp-single-item:hover {box-shadow: 0px 0px 0px 0px #dddddd;}#sp-wp-carousel-free-id-2797.sp-wpcp-2797 .wpcp-single-item {border: 1px solid #dddddd;}#sp-wp-carousel-free-id-2797.sp-wpcp-2797 .swiper-button-prev,#sp-wp-carousel-free-id-2797.sp-wpcp-2797 .swiper-button-next,#sp-wp-carousel-free-id-2797.sp-wpcp-2797 .swiper-button-prev:hover,#sp-wp-carousel-free-id-2797.sp-wpcp-2797 .swiper-button-next:hover {background: none;border: none;font-size: 30px;}#sp-wp-carousel-free-id-2797.sp-wpcp-2797 .swiper-button-prev i,#sp-wp-carousel-free-id-2797.sp-wpcp-2797 .swiper-button-next i {color: #aaa;}#sp-wp-carousel-free-id-2797.sp-wpcp-2797 .swiper-button-prev i:hover,#sp-wp-carousel-free-id-2797.sp-wpcp-2797 .swiper-button-next i:hover {color: #178087;}#sp-wp-carousel-free-id-2797.sp-wpcp-2797 .wpcp-swiper-dots .swiper-pagination-bullet {background-color: #cccccc;}#sp-wp-carousel-free-id-2797.sp-wpcp-2797 .wpcp-swiper-dots .swiper-pagination-bullet.swiper-pagination-bullet-active {background-color: #178087;} #sp-wp-carousel-free-id-2797.sp-wpcp-2797.wpcp-image-carousel .wpcp-single-item:hover img, #sp-wp-carousel-free-id-2797.sp-wpcp-2797.wpcp-post-carousel .wpcp-single-item:hover img, #sp-wp-carousel-free-id-2797.sp-wpcp-2797.wpcp-product-carousel .wpcp-single-item:hover img{-webkit-transform: scale(1.2);-moz-transform: scale(1.2);transform: scale(1.2);}#sp-wp-carousel-free-id-2797 .wpcpro-row>[class*=\"wpcpro-col-\"] { padding: 0 10px; padding-bottom: 20px;} #sp-wp-carousel-free-id-2797 .swiper-slide .single-item-fade:not(:last-child) { margin-right: 20px;}@media (min-width: 480px) { .wpcpro-row .wpcpro-col-sm-1 { flex: 0 0 100%; max-width: 100%; } .wpcpro-row .wpcpro-col-sm-2 { flex: 0 0 50%; max-width: 50%; } .wpcpro-row .wpcpro-col-sm-2-5 { flex: 0 0 75%; max-width: 75%; } .wpcpro-row .wpcpro-col-sm-3 { flex: 0 0 33.333%; max-width: 33.333%; } .wpcpro-row .wpcpro-col-sm-4 { flex: 0 0 25%; max-width: 25%; } .wpcpro-row .wpcpro-col-sm-5 { flex: 0 0 20%; max-width: 20%; } .wpcpro-row .wpcpro-col-sm-6 { flex: 0 0 16.66666666666667%; max-width: 16.66666666666667%; } .wpcpro-row .wpcpro-col-sm-7 { flex: 0 0 14.28571428%; max-width: 14.28571428%; } .wpcpro-row .wpcpro-col-sm-8 { flex: 0 0 12.5%; max-width: 12.5%; } } @media (max-width: 480px) { .wpcpro-row .wpcpro-col-xs-1 { flex: 0 0 100%; max-width: 100%; } .wpcpro-row .wpcpro-col-xs-2 { flex: 0 0 50%; max-width: 50%; } .wpcpro-row .wpcpro-col-xs-3 { flex: 0 0 33.222%; max-width: 33.222%; } .wpcpro-row .wpcpro-col-xs-4 { flex: 0 0 25%; max-width: 25%; } .wpcpro-row .wpcpro-col-xs-5 { flex: 0 0 20%; max-width: 20%; } .wpcpro-row .wpcpro-col-xs-6 { flex: 0 0 16.6667%; max-width: 16.6667%; } .wpcpro-row .wpcpro-col-xs-7 { flex: 0 0 14.28571428%; max-width: 14.28571428%; } .wpcpro-row .wpcpro-col-xs-8 { flex: 0 0 12.5%; max-width: 12.5%; } } @media (min-width: 736px) { .wpcpro-row .wpcpro-col-md-1 { flex: 0 0 100%; max-width: 100%; } .wpcpro-row .wpcpro-col-md-2 { flex: 0 0 50%; max-width: 50%; } .wpcpro-row .wpcpro-col-md-2-5 { flex: 0 0 75%; max-width: 75%; } .wpcpro-row .wpcpro-col-md-3 { flex: 0 0 33.333%; max-width: 33.333%; } .wpcpro-row .wpcpro-col-md-4 { flex: 0 0 25%; max-width: 25%; } .wpcpro-row .wpcpro-col-md-5 { flex: 0 0 20%; max-width: 20%; } .wpcpro-row .wpcpro-col-md-6 { flex: 0 0 16.66666666666667%; max-width: 16.66666666666667%; } .wpcpro-row .wpcpro-col-md-7 { flex: 0 0 14.28571428%; max-width: 14.28571428%; } .wpcpro-row .wpcpro-col-md-8 { flex: 0 0 12.5%; max-width: 12.5%; } } @media (min-width: 980px) { .wpcpro-row .wpcpro-col-lg-1 { flex: 0 0 100%; max-width: 100%; } .wpcpro-row .wpcpro-col-lg-2 { flex: 0 0 50%; max-width: 50%; } .wpcpro-row .wpcpro-col-lg-3 { flex: 0 0 33.222%; max-width: 33.222%; } .wpcpro-row .wpcpro-col-lg-4 { flex: 0 0 25%; max-width: 25%; } .wpcpro-row .wpcpro-col-lg-5 { flex: 0 0 20%; max-width: 20%; } .wpcpro-row .wpcpro-col-lg-6 { flex: 0 0 16.6667%; max-width: 16.6667%; } .wpcpro-row .wpcpro-col-lg-7 { flex: 0 0 14.28571428%; max-width: 14.28571428%; } .wpcpro-row .wpcpro-col-lg-8 { flex: 0 0 12.5%; max-width: 12.5%; } } @media (min-width: 1200px) { .wpcpro-row .wpcpro-col-xl-1 { flex: 0 0 100%; max-width: 100%; } .wpcpro-row .wpcpro-col-xl-2 { flex: 0 0 50%; max-width: 50%; } .wpcpro-row .wpcpro-col-xl-3 { flex: 0 0 33.22222222%; max-width: 33.22222222%; } .wpcpro-row .wpcpro-col-xl-4 { flex: 0 0 25%; max-width: 25%; } .wpcpro-row .wpcpro-col-xl-5 { flex: 0 0 20%; max-width: 20%; } .wpcpro-row .wpcpro-col-xl-6 { flex: 0 0 16.66667%; max-width: 16.66667%; } .wpcpro-row .wpcpro-col-xl-7 { flex: 0 0 14.28571428%; max-width: 14.28571428%; } .wpcpro-row .wpcpro-col-xl-8 { flex: 0 0 12.5%; max-width: 12.5%; } }<\/style><div class=\"wpcp-carousel-wrapper wpcp-wrapper-2797\">\n\t<div id=\"wpcp-preloader-2797\" class=\"wpcp-carousel-preloader\"><img decoding=\"async\" src=\"http:\/\/materiales-sam.org.ar\/sam\/wp-content\/plugins\/wp-carousel-free\/public\/css\/spinner.svg\" alt=\"Preloader Image\" \/><\/div>\t<div class=\"wpcp-carousel-content-wrapper\">\n\t<div id=\"sp-wp-carousel-free-id-2797\" class=\"wpcp-carousel-section sp-wpcp-2797  nav-vertical-center wpcp-image-carousel wpcp-preloader wpcp-standard\" data-swiper='{ &quot;accessibility&quot;:true, &quot;spaceBetween&quot;:20, &quot;arrows&quot;:true, &quot;freeMode&quot;: false, &quot;autoplay&quot;:true, &quot;effect&quot;: &quot;&quot;, &quot;centerMode&quot;: false, &quot;autoplaySpeed&quot;:1200, &quot;dots&quot;:true, &quot;infinite&quot;:true, &quot;speed&quot;:600, &quot;pauseOnHover&quot;:true,\n\t\t\t&quot;slidesToShow&quot;:{&quot;lg_desktop&quot;:5, &quot;desktop&quot;: 4, &quot;laptop&quot;: 3, &quot;tablet&quot;: 2, &quot;mobile&quot;: 1}, &quot;responsive&quot;:{&quot;desktop&quot;:1200, &quot;laptop&quot;: 980, &quot;tablet&quot;: 736, &quot;mobile&quot;: 480}, &quot;rtl&quot;:false, &quot;lazyLoad&quot;: &quot;false&quot;, &quot;swipe&quot;: true, &quot;draggable&quot;: true, &quot;swipeToSlide&quot;:false }' dir=\"ltr\">\n\t\t<div class=\"swiper-wrapper\">\n\t\t<div class=\"swiper-slide\">\n\t<div class=\"wpcp-single-item\">\n\t\t\t<a class=\"wcp-light-box\" data-buttons='[\"close\"]' data-wpc_url='http:\/\/materiales-sam.org.ar\/sam\/wp-content\/uploads\/2025\/06\/fadel-copia.png' href=\"http:\/\/materiales-sam.org.ar\/sam\/wp-content\/uploads\/2025\/06\/fadel-copia.png\" data-fancybox=\"wpcp_view\">\n\t\t<figure>\n\t\t\t<img loading=\"lazy\" decoding=\"async\" class=\"skip-lazy\" src=\"http:\/\/materiales-sam.org.ar\/sam\/wp-content\/uploads\/2025\/06\/fadel-copia.png\" alt=\"fadel - copia\" width=\"577\" height=\"380\">\t\t<\/figure>\n\t<\/a>\n\t\t<\/div>\n<\/div>\n\t<div class=\"swiper-slide\">\n\t<div class=\"wpcp-single-item\">\n\t\t\t<a class=\"wcp-light-box\" data-buttons='[\"close\"]' data-wpc_url='http:\/\/materiales-sam.org.ar\/sam\/wp-content\/uploads\/2025\/08\/las-camilias-oro.jpg' href=\"http:\/\/materiales-sam.org.ar\/sam\/wp-content\/uploads\/2025\/08\/las-camilias-oro.jpg\" data-fancybox=\"wpcp_view\">\n\t\t<figure>\n\t\t\t<img loading=\"lazy\" decoding=\"async\" class=\"skip-lazy\" src=\"http:\/\/materiales-sam.org.ar\/sam\/wp-content\/uploads\/2025\/08\/las-camilias-oro.jpg\" alt=\"las camilias oro\" width=\"538\" height=\"331\">\t\t<\/figure>\n\t<\/a>\n\t\t<\/div>\n<\/div>\n\t<div class=\"swiper-slide\">\n\t<div class=\"wpcp-single-item\">\n\t\t\t<a class=\"wcp-light-box\" data-buttons='[\"close\"]' data-wpc_url='http:\/\/materiales-sam.org.ar\/sam\/wp-content\/uploads\/2025\/06\/rus-copia.jpg' href=\"http:\/\/materiales-sam.org.ar\/sam\/wp-content\/uploads\/2025\/06\/rus-copia.jpg\" data-fancybox=\"wpcp_view\">\n\t\t<figure>\n\t\t\t<img loading=\"lazy\" decoding=\"async\" class=\"skip-lazy\" src=\"http:\/\/materiales-sam.org.ar\/sam\/wp-content\/uploads\/2025\/06\/rus-copia.jpg\" alt=\"rus - copia\" width=\"446\" height=\"281\">\t\t<\/figure>\n\t<\/a>\n\t\t<\/div>\n<\/div>\n\t<div class=\"swiper-slide\">\n\t<div class=\"wpcp-single-item\">\n\t\t\t<a class=\"wcp-light-box\" data-buttons='[\"close\"]' data-wpc_url='http:\/\/materiales-sam.org.ar\/sam\/wp-content\/uploads\/2025\/06\/pecari-copia.jpg' href=\"http:\/\/materiales-sam.org.ar\/sam\/wp-content\/uploads\/2025\/06\/pecari-copia.jpg\" data-fancybox=\"wpcp_view\">\n\t\t<figure>\n\t\t\t<img loading=\"lazy\" decoding=\"async\" class=\"skip-lazy\" src=\"http:\/\/materiales-sam.org.ar\/sam\/wp-content\/uploads\/2025\/06\/pecari-copia.jpg\" alt=\"pecari - copia\" width=\"644\" height=\"290\">\t\t<\/figure>\n\t<\/a>\n\t\t<\/div>\n<\/div>\n\t<div class=\"swiper-slide\">\n\t<div class=\"wpcp-single-item\">\n\t\t\t<a class=\"wcp-light-box\" data-buttons='[\"close\"]' data-wpc_url='http:\/\/materiales-sam.org.ar\/sam\/wp-content\/uploads\/2025\/06\/meyco-copia.jpg' href=\"http:\/\/materiales-sam.org.ar\/sam\/wp-content\/uploads\/2025\/06\/meyco-copia.jpg\" data-fancybox=\"wpcp_view\">\n\t\t<figure>\n\t\t\t<img loading=\"lazy\" decoding=\"async\" class=\"skip-lazy\" src=\"http:\/\/materiales-sam.org.ar\/sam\/wp-content\/uploads\/2025\/06\/meyco-copia.jpg\" alt=\"meyco - copia\" width=\"540\" height=\"249\">\t\t<\/figure>\n\t<\/a>\n\t\t<\/div>\n<\/div>\n\t<div class=\"swiper-slide\">\n\t<div class=\"wpcp-single-item\">\n\t\t\t<a class=\"wcp-light-box\" data-buttons='[\"close\"]' data-wpc_url='http:\/\/materiales-sam.org.ar\/sam\/wp-content\/uploads\/2025\/06\/lambert-copia.jpg' href=\"http:\/\/materiales-sam.org.ar\/sam\/wp-content\/uploads\/2025\/06\/lambert-copia.jpg\" data-fancybox=\"wpcp_view\">\n\t\t<figure>\n\t\t\t<img loading=\"lazy\" decoding=\"async\" class=\"skip-lazy\" src=\"http:\/\/materiales-sam.org.ar\/sam\/wp-content\/uploads\/2025\/06\/lambert-copia.jpg\" alt=\"lambert - copia\" width=\"614\" height=\"242\">\t\t<\/figure>\n\t<\/a>\n\t\t<\/div>\n<\/div>\n\t<div class=\"swiper-slide\">\n\t<div class=\"wpcp-single-item\">\n\t\t\t<a class=\"wcp-light-box\" data-buttons='[\"close\"]' data-wpc_url='http:\/\/materiales-sam.org.ar\/sam\/wp-content\/uploads\/2025\/06\/pesados-maipu-copia.jpg' href=\"http:\/\/materiales-sam.org.ar\/sam\/wp-content\/uploads\/2025\/06\/pesados-maipu-copia.jpg\" data-fancybox=\"wpcp_view\">\n\t\t<figure>\n\t\t\t<img loading=\"lazy\" decoding=\"async\" class=\"skip-lazy\" src=\"http:\/\/materiales-sam.org.ar\/sam\/wp-content\/uploads\/2025\/06\/pesados-maipu-copia.jpg\" alt=\"pesados maipu - copia\" width=\"684\" height=\"275\">\t\t<\/figure>\n\t<\/a>\n\t\t<\/div>\n<\/div>\n\t<div class=\"swiper-slide\">\n\t<div class=\"wpcp-single-item\">\n\t\t\t<a class=\"wcp-light-box\" data-buttons='[\"close\"]' data-wpc_url='http:\/\/materiales-sam.org.ar\/sam\/wp-content\/uploads\/2025\/06\/alvace-copia.jpg' href=\"http:\/\/materiales-sam.org.ar\/sam\/wp-content\/uploads\/2025\/06\/alvace-copia.jpg\" data-fancybox=\"wpcp_view\">\n\t\t<figure>\n\t\t\t<img loading=\"lazy\" decoding=\"async\" class=\"skip-lazy\" src=\"http:\/\/materiales-sam.org.ar\/sam\/wp-content\/uploads\/2025\/06\/alvace-copia.jpg\" alt=\"alvace - copia\" width=\"611\" height=\"308\">\t\t<\/figure>\n\t<\/a>\n\t\t<\/div>\n<\/div>\n\t<div class=\"swiper-slide\">\n\t<div class=\"wpcp-single-item\">\n\t\t\t<a class=\"wcp-light-box\" data-buttons='[\"close\"]' data-wpc_url='http:\/\/materiales-sam.org.ar\/sam\/wp-content\/uploads\/2025\/06\/axura-copia.jpg' href=\"http:\/\/materiales-sam.org.ar\/sam\/wp-content\/uploads\/2025\/06\/axura-copia.jpg\" data-fancybox=\"wpcp_view\">\n\t\t<figure>\n\t\t\t<img loading=\"lazy\" decoding=\"async\" class=\"skip-lazy\" src=\"http:\/\/materiales-sam.org.ar\/sam\/wp-content\/uploads\/2025\/06\/axura-copia.jpg\" alt=\"axura - copia\" width=\"722\" height=\"261\">\t\t<\/figure>\n\t<\/a>\n\t\t<\/div>\n<\/div>\n\t<div class=\"swiper-slide\">\n\t<div class=\"wpcp-single-item\">\n\t\t\t<a class=\"wcp-light-box\" data-buttons='[\"close\"]' data-wpc_url='http:\/\/materiales-sam.org.ar\/sam\/wp-content\/uploads\/2025\/06\/adimer-copia.jpg' href=\"http:\/\/materiales-sam.org.ar\/sam\/wp-content\/uploads\/2025\/06\/adimer-copia.jpg\" data-fancybox=\"wpcp_view\">\n\t\t<figure>\n\t\t\t<img loading=\"lazy\" decoding=\"async\" class=\"skip-lazy\" src=\"http:\/\/materiales-sam.org.ar\/sam\/wp-content\/uploads\/2025\/06\/adimer-copia.jpg\" alt=\"adimer - copia\" width=\"514\" height=\"365\">\t\t<\/figure>\n\t<\/a>\n\t\t<\/div>\n<\/div>\n\t\t\t<\/div>\n\t\t\t\t\t<div class=\"wpcp-swiper-dots swiper-pagination\"><\/div>\n\t\t\t\t<!-- If we need navigation buttons -->\n\t\t\t\t\t<div class=\"wpcp-prev-button swiper-button-prev\"><i class=\"fa fa-angle-left\"><\/i><\/div>\n\t\t\t<div class=\"wpcp-next-button swiper-button-next\"><i class=\"fa fa-angle-right\"><\/i><\/div>\n\t\t\t<\/div>\n\t<\/div>\n<\/div>\n<\/div>\n\n\n<p class=\"has-black-color has-pale-cyan-blue-background-color has-text-color has-background has-link-color has-medium-font-size wp-elements-70a7203c4f2239764998aabbbd1e658d\"><strong>AUSPICIAN Y AVALAN EL JIM 2025: CONSEJO SUPERIOR DE LA UNIVERSIDAD TECNOL\u00d3GICA NACIONAL, MINISTERIO DE DESARROLLO ECON\u00d3MICO DE LA PROV. DE ENTRE RIOS, HONORABLE CONCEJO DELIBERANTE DE CONCEPCI\u00d3N DEL URUGUAY, CONICET, COMISI\u00d3N NACIONAL DE ENERG\u00cdA AT\u00d3MICA (CNEA), <strong>AAPC, FCEIA-UNR, IFIR (CONICET-UNR), INTEMA (CONICET-UNMdP), UTN-FRCU<\/strong>   <\/strong><a href=\"http:\/\/materiales-sam.org.ar\/sam\/avalan-y-auspician-el-jim-2025\/\" target=\"_blank\" rel=\"noreferrer noopener\">m\u00e1s info ver aqu\u00ed<\/a><\/p>\n\n\n\n<p class=\"has-vivid-cyan-blue-color has-white-background-color has-text-color has-background has-link-color has-large-font-size wp-elements-a3cf842ff097a8618d281d3879338e20\">Programa completo JIM 2025  <strong><a href=\"http:\/\/materiales-sam.org.ar\/sam\/wp-content\/uploads\/2025\/09\/PROGRAMA-JIM-12-9-2-PAG.pdf\" target=\"_blank\" rel=\"noreferrer noopener\"><strong>ver aqu\u00ed<\/strong><\/a><\/strong><\/p>\n\n\n\n<p class=\"has-vivid-cyan-blue-color has-white-background-color has-text-color has-background has-link-color has-large-font-size wp-elements-3862480f22e4f73056f309786c1383b2\">\u00datil para el evento.  Plano de la UTN C. del U.  <a href=\"http:\/\/materiales-sam.org.ar\/sam\/wp-content\/uploads\/2025\/09\/Planos-1.pdf\" target=\"_blank\" rel=\"noreferrer noopener\"><strong>ver aqu\u00ed<\/strong><\/a> o \u00a1escaneame!<\/p>\n\n\n<div class=\"wp-block-image\">\n<figure class=\"aligncenter size-full is-resized\"><a href=\"http:\/\/materiales-sam.org.ar\/sam\/wp-content\/uploads\/2025\/09\/QR_planos.png\"><img loading=\"lazy\" decoding=\"async\" width=\"450\" height=\"450\" src=\"http:\/\/materiales-sam.org.ar\/sam\/wp-content\/uploads\/2025\/09\/QR_planos.png\" alt=\"\" class=\"wp-image-2899\" style=\"width:259px;height:auto\" srcset=\"http:\/\/materiales-sam.org.ar\/sam\/wp-content\/uploads\/2025\/09\/QR_planos.png 450w, http:\/\/materiales-sam.org.ar\/sam\/wp-content\/uploads\/2025\/09\/QR_planos-300x300.png 300w, http:\/\/materiales-sam.org.ar\/sam\/wp-content\/uploads\/2025\/09\/QR_planos-150x150.png 150w, http:\/\/materiales-sam.org.ar\/sam\/wp-content\/uploads\/2025\/09\/QR_planos-410x410.png 410w, http:\/\/materiales-sam.org.ar\/sam\/wp-content\/uploads\/2025\/09\/QR_planos-100x100.png 100w, http:\/\/materiales-sam.org.ar\/sam\/wp-content\/uploads\/2025\/09\/QR_planos-275x275.png 275w\" sizes=\"auto, (max-width: 450px) 100vw, 450px\" \/><\/a><\/figure>\n<\/div>\n\n\n<p><\/p>\n\n\n\n<p class=\"has-vivid-cyan-blue-color has-white-background-color has-text-color has-background has-link-color has-large-font-size wp-elements-807366fe97c78a49197dcab9013da33d\">Programa de Sesiones de Posters <strong> <a href=\"http:\/\/materiales-sam.org.ar\/sam\/wp-content\/uploads\/2025\/09\/Poster-por-AUTOR-al-21-de-sept.pdf\" data-type=\"page\" data-id=\"2811\" target=\"_blank\" rel=\"noreferrer noopener\">ver aqu\u00ed<\/a> <\/strong><\/p>\n\n\n\n<p class=\"has-vivid-cyan-blue-color has-white-background-color has-text-color has-background has-link-color has-large-font-size wp-elements-d8de724ba7107f57b0f048e427304c09\">Indicaciones para la confecci\u00f3n del <strong>P\u00d3STER <strong><a href=\"http:\/\/materiales-sam.org.ar\/sam\/wp-content\/uploads\/2025\/08\/Poster.pdf\" data-type=\"page\" data-id=\"2811\" target=\"_blank\" rel=\"noreferrer noopener\">ver aqu\u00ed<\/a><\/strong> <\/strong><\/p>\n\n\n\n<p class=\"has-vivid-cyan-blue-color has-white-background-color has-text-color has-background has-link-color has-medium-font-size wp-elements-fd5c9deb2a278e301651029bb0800f6f\"><strong>Sobre la extensi\u00f3n del trabajo completo: los l\u00edmites son: m\u00ednimo de 4 p\u00e1ginas y m\u00e1ximo de 6 p\u00e1ginas, incluyendo&nbsp;todo: t\u00edtulos, figuras, tablas, texto y referencias.<\/strong><\/p>\n\n\n\n<p class=\"has-vivid-cyan-blue-color has-white-background-color has-text-color has-background has-link-color has-large-font-size wp-elements-95004f8e6fb353ebb8cd7dc362982065\"><strong>CONFERENCISTAS Y CHARLAS <a href=\"http:\/\/materiales-sam.org.ar\/sam\/wp-content\/uploads\/2025\/04\/1conferencistas.pdf\" target=\"_blank\" rel=\"noreferrer noopener\">ver aqu\u00ed<\/a>  <\/strong><\/p>\n\n\n\n<h2 class=\"wp-block-heading has-vivid-cyan-blue-color has-white-background-color has-text-color has-background has-link-color has-large-font-size wp-elements-f57c94d700ae5cf4a7045945ac82baa1\"><strong>M\u00e1s informaci\u00f3n del JIM 2025 en <a href=\"http:\/\/materiales-sam.org.ar\/sam\/jim-2025\/\" target=\"_blank\" rel=\"noreferrer noopener\"> http:\/\/materiales-sam.org.ar\/sam\/jim-2025\/<\/a><\/strong><\/h2>\n\n\n\n<div class=\"wp-block-media-text alignwide is-stacked-on-mobile\" style=\"grid-template-columns:52% auto\"><figure class=\"wp-block-media-text__media\"><img loading=\"lazy\" decoding=\"async\" width=\"970\" height=\"212\" src=\"http:\/\/materiales-sam.org.ar\/sam\/wp-content\/uploads\/2022\/12\/Recurso-1-970x212-3.png\" alt=\"\" class=\"wp-image-2427 size-full\" srcset=\"http:\/\/materiales-sam.org.ar\/sam\/wp-content\/uploads\/2022\/12\/Recurso-1-970x212-3.png 970w, http:\/\/materiales-sam.org.ar\/sam\/wp-content\/uploads\/2022\/12\/Recurso-1-970x212-3-300x66.png 300w, http:\/\/materiales-sam.org.ar\/sam\/wp-content\/uploads\/2022\/12\/Recurso-1-970x212-3-768x168.png 768w, http:\/\/materiales-sam.org.ar\/sam\/wp-content\/uploads\/2022\/12\/Recurso-1-970x212-3-700x153.png 700w, http:\/\/materiales-sam.org.ar\/sam\/wp-content\/uploads\/2022\/12\/Recurso-1-970x212-3-410x90.png 410w, http:\/\/materiales-sam.org.ar\/sam\/wp-content\/uploads\/2022\/12\/Recurso-1-970x212-3-100x22.png 100w, http:\/\/materiales-sam.org.ar\/sam\/wp-content\/uploads\/2022\/12\/Recurso-1-970x212-3-275x60.png 275w\" sizes=\"auto, (max-width: 970px) 100vw, 970px\" \/><\/figure><div class=\"wp-block-media-text__content\">\n<p class=\"has-white-background-color has-background has-large-font-size\"><strong>\u00a1Hacete socio de la SAM!<\/strong><\/p>\n\n\n\n<p><\/p>\n\n\n\n<p class=\"has-medium-font-size\">Toda la info aqu\u00ed  <a href=\"http:\/\/materiales-sam.org.ar\/sam\/como-asociarse\/\">http:\/\/materiales-sam.org.ar\/sam\/como-asociarse\/<\/a><\/p>\n\n\n\n<p><\/p>\n<\/div><\/div>\n\n\n\n<p><\/p>\n\n\n\n<div class=\"wp-block-media-text alignwide is-stacked-on-mobile is-vertically-aligned-top\" style=\"grid-template-columns:30% auto\"><figure class=\"wp-block-media-text__media\"><img loading=\"lazy\" decoding=\"async\" width=\"724\" height=\"1024\" src=\"http:\/\/materiales-sam.org.ar\/sam\/wp-content\/uploads\/2017\/09\/Caratula-2024-724x1024.jpg\" alt=\"\" class=\"wp-image-2714 size-full\" srcset=\"http:\/\/materiales-sam.org.ar\/sam\/wp-content\/uploads\/2017\/09\/Caratula-2024-724x1024.jpg 724w, http:\/\/materiales-sam.org.ar\/sam\/wp-content\/uploads\/2017\/09\/Caratula-2024-212x300.jpg 212w, http:\/\/materiales-sam.org.ar\/sam\/wp-content\/uploads\/2017\/09\/Caratula-2024-768x1087.jpg 768w, http:\/\/materiales-sam.org.ar\/sam\/wp-content\/uploads\/2017\/09\/Caratula-2024-1085x1536.jpg 1085w, http:\/\/materiales-sam.org.ar\/sam\/wp-content\/uploads\/2017\/09\/Caratula-2024-700x991.jpg 700w, http:\/\/materiales-sam.org.ar\/sam\/wp-content\/uploads\/2017\/09\/Caratula-2024-410x580.jpg 410w, http:\/\/materiales-sam.org.ar\/sam\/wp-content\/uploads\/2017\/09\/Caratula-2024-100x142.jpg 100w, http:\/\/materiales-sam.org.ar\/sam\/wp-content\/uploads\/2017\/09\/Caratula-2024-275x389.jpg 275w, http:\/\/materiales-sam.org.ar\/sam\/wp-content\/uploads\/2017\/09\/Caratula-2024.jpg 1240w\" sizes=\"auto, (max-width: 724px) 100vw, 724px\" \/><\/figure><div class=\"wp-block-media-text__content\">\n<p class=\"has-white-background-color has-background has-large-font-size\"><strong>\u00daltimo n\u00famero de la Revista de la SAM<\/strong><\/p>\n\n\n\n<p class=\"has-medium-font-size\">Leer la revista completa aqu\u00ed <a href=\"http:\/\/materiales-sam.org.ar\/sam\/ultimo-numero-de-la-revista-sam\/\" data-type=\"URL\" data-id=\"http:\/\/materiales-sam.org.ar\/sam\/ultimo-numero-de-la-revista-sam\/\" target=\"_blank\" rel=\"noreferrer noopener\">http:\/\/materiales-\u00basam.org.ar\/sam\/ultimo-numero-de-la-revista-sam\/<\/a><\/p>\n\n\n\n<p><\/p>\n<\/div><\/div>\n","protected":false},"excerpt":{"rendered":"<p>SPONSORS DEL JIM 2025 que apoyan a los J\u00f3venes, la Ciencia y la Tecnolog\u00eda ver aqu\u00ed AUSPICIAN Y AVALAN EL JIM 2025: CONSEJO SUPERIOR DE LA UNIVERSIDAD TECNOL\u00d3GICA NACIONAL, MINISTERIO DE DESARROLLO ECON\u00d3MICO DE LA PROV. DE ENTRE RIOS, HONORABLE CONCEJO DELIBERANTE DE CONCEPCI\u00d3N DEL URUGUAY, CONICET, COMISI\u00d3N NACIONAL DE ENERG\u00cdA AT\u00d3MICA (CNEA), AAPC, FCEIA-UNR, [&hellip;]<\/p>\n","protected":false},"author":7,"featured_media":0,"parent":0,"menu_order":0,"comment_status":"closed","ping_status":"closed","template":"page-templates\/page_front-page.php","meta":{"footnotes":""},"class_list":["post-171","page","type-page","status-publish","hentry"],"_links":{"self":[{"href":"http:\/\/materiales-sam.org.ar\/sam\/wp-json\/wp\/v2\/pages\/171","targetHints":{"allow":["GET"]}}],"collection":[{"href":"http:\/\/materiales-sam.org.ar\/sam\/wp-json\/wp\/v2\/pages"}],"about":[{"href":"http:\/\/materiales-sam.org.ar\/sam\/wp-json\/wp\/v2\/types\/page"}],"author":[{"embeddable":true,"href":"http:\/\/materiales-sam.org.ar\/sam\/wp-json\/wp\/v2\/users\/7"}],"replies":[{"embeddable":true,"href":"http:\/\/materiales-sam.org.ar\/sam\/wp-json\/wp\/v2\/comments?post=171"}],"version-history":[{"count":112,"href":"http:\/\/materiales-sam.org.ar\/sam\/wp-json\/wp\/v2\/pages\/171\/revisions"}],"predecessor-version":[{"id":2908,"href":"http:\/\/materiales-sam.org.ar\/sam\/wp-json\/wp\/v2\/pages\/171\/revisions\/2908"}],"wp:attachment":[{"href":"http:\/\/materiales-sam.org.ar\/sam\/wp-json\/wp\/v2\/media?parent=171"}],"curies":[{"name":"wp","href":"https:\/\/api.w.org\/{rel}","templated":true}]}}