{"id":1619,"date":"2019-03-08T23:38:22","date_gmt":"2019-03-08T23:38:22","guid":{"rendered":"http:\/\/materiales-sam.org.ar\/sam\/?page_id=1619"},"modified":"2019-10-29T21:53:20","modified_gmt":"2019-10-29T21:53:20","slug":"sitios-y-noticias","status":"publish","type":"page","link":"http:\/\/materiales-sam.org.ar\/sam\/sitios-y-noticias\/","title":{"rendered":"Sitios y noticias"},"content":{"rendered":"<p><a href=\"http:\/\/www.elementovital.com.ar\/index.php\/84-elemento-vital\/novedades-del-certamen\/certamen-2011\/video\/videos-disponibles\/1335\" target=\"_blank\"><u>Entrevista a la Dra. Silvia Goyanes<\/u><\/a>, ganadora de la 12\u00b0 Edici\u00f3n del Premio Nacional L\u2019Or\u00e9al-UNESCO \u201cPor las Mujeres en la Ciencia\u201d (2018), en \u201cCiencias de la materia\u201d.<\/p>\n<p>&nbsp;<\/p>\n<p><span style=\"text-decoration: underline;\"><a href=\"http:\/\/materiales-sam.org.ar\/sam\/wp-content\/uploads\/2019\/10\/RE-20-L-Drivet7803.pdf\" target=\"_blank\">Trabajo presentado en el Congreso Internacional de Metalurgia y Materiales 18 SAM-CONAMET<\/a><\/span>. Leandro Drivet, Mariana B. L\u00f3pez y Gerardo D. L\u00f3pez,<\/p>\n<p><em>La<\/em><em> ciencia de los materiales es definida usualmente como el estudio de las relaciones entre la estructura y las propiedades de los materiales. La bibliograf\u00eda can\u00f3nica y la pr\u00e1ctica de su ense\u00f1anza reproducen mayormente consideraciones cient\u00edfico-t\u00e9cnicas orientadas a informar los aspectos instrumentales y econ\u00f3micos de su aplicaci\u00f3n. Salvo notas marginales, el abordaje convencional de su ense\u00f1anza no suele profundizar en las conexiones de esta rama de la ciencia con la epistemolog\u00eda y con la \u00e9tica, y de este modo desalienta la reflexi\u00f3n necesaria acerca de los intereses concretos que motivan su desarrollo, su ense\u00f1anza y su aplicaci\u00f3n. Para propiciar esa reflexi\u00f3n, en un contexto de crisis ecol\u00f3gica planetaria, nuestro trabajo apunta a poner de relieve la relaci\u00f3n originaria que la idea de \u00abmateria\u00bb parece tener con la vida y lo materno-femenino, para luego destacar algunos signos del proceso hist\u00f3rico que transform\u00f3 los modos en que se la concibi\u00f3. Subrayamos que fue pensada como algo degradado respecto de la pura forma, m\u00e1s adelante como una cosa medible (que se agotar\u00eda en su consideraci\u00f3n matem\u00e1tica o mec\u00e1nica), y finalmente como un \u201crecurso\u201d, con las consecuencias pr\u00e1cticas que cada concepto promueve.<\/em><\/p>\n<p><em>\u00a0<\/em><\/p>\n","protected":false},"excerpt":{"rendered":"<p>Entrevista a la Dra. Silvia Goyanes, ganadora de la 12\u00b0 Edici\u00f3n del Premio Nacional L\u2019Or\u00e9al-UNESCO \u201cPor las Mujeres en la Ciencia\u201d (2018), en \u201cCiencias de la materia\u201d. &nbsp; Trabajo presentado en el Congreso Internacional de Metalurgia y Materiales 18 SAM-CONAMET. Leandro Drivet, Mariana B. L\u00f3pez y Gerardo D. L\u00f3pez, La ciencia de los materiales es [&hellip;]<\/p>\n","protected":false},"author":5,"featured_media":0,"parent":0,"menu_order":0,"comment_status":"closed","ping_status":"closed","template":"","meta":{"footnotes":""},"class_list":["post-1619","page","type-page","status-publish","hentry"],"_links":{"self":[{"href":"http:\/\/materiales-sam.org.ar\/sam\/wp-json\/wp\/v2\/pages\/1619","targetHints":{"allow":["GET"]}}],"collection":[{"href":"http:\/\/materiales-sam.org.ar\/sam\/wp-json\/wp\/v2\/pages"}],"about":[{"href":"http:\/\/materiales-sam.org.ar\/sam\/wp-json\/wp\/v2\/types\/page"}],"author":[{"embeddable":true,"href":"http:\/\/materiales-sam.org.ar\/sam\/wp-json\/wp\/v2\/users\/5"}],"replies":[{"embeddable":true,"href":"http:\/\/materiales-sam.org.ar\/sam\/wp-json\/wp\/v2\/comments?post=1619"}],"version-history":[{"count":5,"href":"http:\/\/materiales-sam.org.ar\/sam\/wp-json\/wp\/v2\/pages\/1619\/revisions"}],"predecessor-version":[{"id":1748,"href":"http:\/\/materiales-sam.org.ar\/sam\/wp-json\/wp\/v2\/pages\/1619\/revisions\/1748"}],"wp:attachment":[{"href":"http:\/\/materiales-sam.org.ar\/sam\/wp-json\/wp\/v2\/media?parent=1619"}],"curies":[{"name":"wp","href":"https:\/\/api.w.org\/{rel}","templated":true}]}}

<p><a href="http://www.elementovital.com.ar/index.php/84-elemento-vital/novedades-del-certamen/certamen-2011/video/videos-disponibles/1335" target="_blank"><u>Entrevista a la Dra. Silvia Goyanes</u></a>, ganadora de la 12° Edición del Premio Nacional L’Oréal-UNESCO “Por las Mujeres en la Ciencia” (2018), en “Ciencias de la materia”.</p>
<p>&nbsp;</p>
<p><span style="text-decoration: underline;"><a href="http://materiales-sam.org.ar/sam/wp-content/uploads/2019/10/RE-20-L-Drivet7803.pdf" target="_blank">Trabajo presentado en el Congreso Internacional de Metalurgia y Materiales 18 SAM-CONAMET</a></span>. Leandro Drivet, Mariana B. López y Gerardo D. López,</p>
<p><em>La</em><em> ciencia de los materiales es definida usualmente como el estudio de las relaciones entre la estructura y las propiedades de los materiales. La bibliografía canónica y la práctica de su enseñanza reproducen mayormente consideraciones científico-técnicas orientadas a informar los aspectos instrumentales y económicos de su aplicación. Salvo notas marginales, el abordaje convencional de su enseñanza no suele profundizar en las conexiones de esta rama de la ciencia con la epistemología y con la ética, y de este modo desalienta la reflexión necesaria acerca de los intereses concretos que motivan su desarrollo, su enseñanza y su aplicación. Para propiciar esa reflexión, en un contexto de crisis ecológica planetaria, nuestro trabajo apunta a poner de relieve la relación originaria que la idea de «materia» parece tener con la vida y lo materno-femenino, para luego destacar algunos signos del proceso histórico que transformó los modos en que se la concibió. Subrayamos que fue pensada como algo degradado respecto de la pura forma, más adelante como una cosa medible (que se agotaría en su consideración matemática o mecánica), y finalmente como un “recurso”, con las consecuencias prácticas que cada concepto promueve.</em></p>
<p><em> </em></p>

<p>Entrevista a la Dra. Silvia Goyanes, ganadora de la 12° Edición del Premio Nacional L’Oréal-UNESCO “Por las Mujeres en la Ciencia” (2018), en “Ciencias de la materia”. &nbsp; Trabajo presentado en el Congreso Internacional de Metalurgia y Materiales 18 SAM-CONAMET. Leandro Drivet, Mariana B. López y Gerardo D. López, La ciencia de los materiales es [&hellip;]</p>
