{"id":159,"date":"2017-03-16T13:18:41","date_gmt":"2017-03-16T13:18:41","guid":{"rendered":"http:\/\/materiales-sam.org.ar\/sam\/?page_id=159"},"modified":"2026-02-20T15:00:53","modified_gmt":"2026-02-20T18:00:53","slug":"tesoreria","status":"publish","type":"page","link":"http:\/\/materiales-sam.org.ar\/sam\/tesoreria\/","title":{"rendered":"Tesorer\u00eda"},"content":{"rendered":"<h2>VALOR DE LA CUOTA SOCIETARIA a partir de 15\/02\/2026:<\/h2>\n<h4><strong>Socio Activo: $ 45.000<\/strong> por a\u00f1o a pagar antes del 31 de julio. Luego de esa fecha habr\u00e1 una actualizaci\u00f3n quedando la cuota en $ 50.000.<\/h4>\n<h4><strong>Socio Adherente: $ 25.000<\/strong> por a\u00f1o<\/h4>\n<h4><strong>Socio Patrocinador: m\u00ednimo $ 250.000<\/strong> por a\u00f1o (consultar al mail asociacionsam@gmail.com)<\/h4>\n<h2>Forma de pago:<\/h2>\n<h4><span style=\"color: #000000;\">Transferencia bancaria o dep\u00f3sito en efectivo a: FUNDACI\u00d3N FACULTAD DE INGENIER\u00cdA ROSARIO &#8211; <span style=\"font-size: revert;\">CUIT 30617777386 &#8211; Banco MACRO &#8211; Clave Bancaria Uniforme (CBU) 2850797440094950008708<\/span><\/span><\/h4>\n<h4><span style=\"color: #000000;\">Enviar comprobante del dep\u00f3sito o transferencia y n\u00famero de CUIT o CUIL para hacer la factura a: asociacionsam@gmail.com, <strong>(si falta la informaci\u00f3n requerida no se acreditar\u00e1 el pago)<\/strong><\/span><\/h4>\n","protected":false},"excerpt":{"rendered":"<p>VALOR DE LA CUOTA SOCIETARIA a partir de 15\/02\/2026: Socio Activo: $ 45.000 por a\u00f1o a pagar antes del 31 de julio. Luego de esa fecha habr\u00e1 una actualizaci\u00f3n quedando la cuota en $ 50.000. Socio Adherente: $ 25.000 por a\u00f1o Socio Patrocinador: m\u00ednimo $ 250.000 por a\u00f1o (consultar al mail asociacionsam@gmail.com) Forma de pago: [&hellip;]<\/p>\n","protected":false},"author":7,"featured_media":0,"parent":0,"menu_order":0,"comment_status":"closed","ping_status":"closed","template":"","meta":{"footnotes":""},"class_list":["post-159","page","type-page","status-publish","hentry"],"_links":{"self":[{"href":"http:\/\/materiales-sam.org.ar\/sam\/wp-json\/wp\/v2\/pages\/159","targetHints":{"allow":["GET"]}}],"collection":[{"href":"http:\/\/materiales-sam.org.ar\/sam\/wp-json\/wp\/v2\/pages"}],"about":[{"href":"http:\/\/materiales-sam.org.ar\/sam\/wp-json\/wp\/v2\/types\/page"}],"author":[{"embeddable":true,"href":"http:\/\/materiales-sam.org.ar\/sam\/wp-json\/wp\/v2\/users\/7"}],"replies":[{"embeddable":true,"href":"http:\/\/materiales-sam.org.ar\/sam\/wp-json\/wp\/v2\/comments?post=159"}],"version-history":[{"count":36,"href":"http:\/\/materiales-sam.org.ar\/sam\/wp-json\/wp\/v2\/pages\/159\/revisions"}],"predecessor-version":[{"id":2915,"href":"http:\/\/materiales-sam.org.ar\/sam\/wp-json\/wp\/v2\/pages\/159\/revisions\/2915"}],"wp:attachment":[{"href":"http:\/\/materiales-sam.org.ar\/sam\/wp-json\/wp\/v2\/media?parent=159"}],"curies":[{"name":"wp","href":"https:\/\/api.w.org\/{rel}","templated":true}]}}