{"id":1287,"date":"2017-11-28T00:28:41","date_gmt":"2017-11-28T00:28:41","guid":{"rendered":"http:\/\/materiales-sam.org.ar\/sam\/?page_id=1287"},"modified":"2026-04-20T19:08:38","modified_gmt":"2026-04-20T22:08:38","slug":"jim-anteriores","status":"publish","type":"page","link":"http:\/\/materiales-sam.org.ar\/sam\/jim-anteriores\/","title":{"rendered":"Congresos JIM"},"content":{"rendered":"<h6><\/h6>\n<h6>JIM 2025<\/h6>\n<p class=\"stat thin\">9no Encuentro de J\u00f3venes Investigadores en Ciencia y Tecnolog\u00eda de Materiales. UTN &#8211; Fac. Reg. Concepci\u00f3n del Uruguay &#8211; Concepci\u00f3n de Uruguay &#8211; Entre R\u00edos<\/p>\n<p class=\"stat thin\">25 y 26 de Septiembre de 2025<\/p>\n<p>Publicaci\u00f3n de los Res\u00famenes y Trabajos en AJEA (Actas de Jornadas y Eventos Acad\u00e9micos de UTN)<\/p>\n<h6>JIM 2023<\/h6>\n<p class=\"stat thin\">8vo Encuentro de J\u00f3venes Investigadores en Ciencia y Tecnolog\u00eda de Materiales. INTI \u2013 Parque Tecnol\u00f3gico Miguelete &#8211; C\u00f3rdoba<\/p>\n<p class=\"stat thin\">7 y 8 de Septiembre de 2023<\/p>\n<p>Publicaci\u00f3n de los Res\u00famenes y Trabajos en AJEA (Actas de Jornadas y Eventos Acad\u00e9micos de UTN) <a href=\"https:\/\/rtyc.utn.edu.ar\/index.php\/ajea\/article\/view\/1299\" target=\"_blank\" rel=\"noopener\">enlace aqu\u00ed<\/a><\/p>\n<h6>JIM 2019<\/h6>\n<p class=\"stat thin\">7mo Encuentro de J\u00f3venes Investigadores en Ciencia y Tecnolog\u00eda de Materiales. IFIR Instituto de F\u00edsica de Rosario (Conicet-UNR) y la Facultad de Cs. Exactas, Ingenier\u00eda y Agrimensura de la UNR &#8211; Rosario<\/p>\n<p class=\"stat thin\">5 y 6 de Septiembre de 2019<\/p>\n<h6>JIM 2017<\/h6>\n<p class=\"stat thin\">6to Encuentro de J\u00f3venes Investigadores en Ciencia y Tecnolog\u00eda de Materiales. INTI \u2013 Parque Tecnol\u00f3gico Miguelete &#8211; Buenos Aires<\/p>\n<p class=\"stat thin\">17 y 18 de Agosto de 2017<\/p>\n<h6>JIM 2015<\/h6>\n<p style=\"text-align: left;\">5to. Encuentro J\u00f3venes Investigadores en Ciencia y Tecnolog\u00eda de Materiales. Organizado por la Sociedad Argentina de Materiales (SAM) y la Facultad de Ciencias Exactas de la Universidad Nacional de Tandil.<\/p>\n<p style=\"text-align: left;\">1 y 2 de Octubre de 2015 en el Instituto de F\u00edsica de Materiales de Tandil<\/p>\n<h6>Jim 2012<\/h6>\n<p>4to. Encuentro J\u00f3venes Investigadores en Ciencia y Tecnolog\u00eda de Materiales<br \/>\nOrganizado por la Sociedad Argentina de Materiales (SAM) y el Instituto de Investigaciones en Ciencia y Tecnolog\u00eda de Materiales (INTEMA).<\/p>\n<p>8, 9 y 10 de Octubre de 2012 en la Plaza del Agua, Mar del Plata.<\/p>\n<h6>Jim 2010<\/h6>\n<p>2010: 3\u00ba Encuentro J\u00f3venes Investigadores en Ciencia y Tecnolog\u00eda de Materiales. Realizado en la ciudad de Concepci\u00f3n del Uruguay, Provincia de Entre R\u00edos el 12 y 13 de agosto.<\/p>\n<h6>Jim 2008<\/h6>\n<p>2\u00ba Encuentro J\u00f3venes Investigadores en Ciencia y Tecnolog\u00eda de Materiales. Realizado en la ciudad de Posadas desde el 16 al 17 de octubre.<\/p>\n<h6>Jim 2006<\/h6>\n<p>1\u00ba Encuentro J\u00f3venes Investigadores en Ciencia y Tecnolog\u00eda de Materiales. Realizado en la ciudad de San Mart\u00edn, Pcia. de Buenos Aires desde el 28 al 29 de septiembre.<\/p>\n","protected":false},"excerpt":{"rendered":"<p>JIM 2025 9no Encuentro de J\u00f3venes Investigadores en Ciencia y Tecnolog\u00eda de Materiales. UTN &#8211; Fac. Reg. Concepci\u00f3n del Uruguay &#8211; Concepci\u00f3n de Uruguay &#8211; Entre R\u00edos 25 y 26 de Septiembre de 2025 Publicaci\u00f3n de los Res\u00famenes y Trabajos en AJEA (Actas de Jornadas y Eventos Acad\u00e9micos de UTN) JIM 2023 8vo Encuentro de [&hellip;]<\/p>\n","protected":false},"author":5,"featured_media":0,"parent":0,"menu_order":0,"comment_status":"closed","ping_status":"closed","template":"","meta":{"footnotes":""},"class_list":["post-1287","page","type-page","status-publish","hentry"],"_links":{"self":[{"href":"http:\/\/materiales-sam.org.ar\/sam\/wp-json\/wp\/v2\/pages\/1287","targetHints":{"allow":["GET"]}}],"collection":[{"href":"http:\/\/materiales-sam.org.ar\/sam\/wp-json\/wp\/v2\/pages"}],"about":[{"href":"http:\/\/materiales-sam.org.ar\/sam\/wp-json\/wp\/v2\/types\/page"}],"author":[{"embeddable":true,"href":"http:\/\/materiales-sam.org.ar\/sam\/wp-json\/wp\/v2\/users\/5"}],"replies":[{"embeddable":true,"href":"http:\/\/materiales-sam.org.ar\/sam\/wp-json\/wp\/v2\/comments?post=1287"}],"version-history":[{"count":7,"href":"http:\/\/materiales-sam.org.ar\/sam\/wp-json\/wp\/v2\/pages\/1287\/revisions"}],"predecessor-version":[{"id":2933,"href":"http:\/\/materiales-sam.org.ar\/sam\/wp-json\/wp\/v2\/pages\/1287\/revisions\/2933"}],"wp:attachment":[{"href":"http:\/\/materiales-sam.org.ar\/sam\/wp-json\/wp\/v2\/media?parent=1287"}],"curies":[{"name":"wp","href":"https:\/\/api.w.org\/{rel}","templated":true}]}}

<h6></h6>
<h6>JIM 2025</h6>
<p class="stat thin">9no Encuentro de Jóvenes Investigadores en Ciencia y Tecnología de Materiales. UTN &#8211; Fac. Reg. Concepción del Uruguay &#8211; Concepción de Uruguay &#8211; Entre Ríos</p>
<p class="stat thin">25 y 26 de Septiembre de 2025</p>
<p>Publicación de los Resúmenes y Trabajos en AJEA (Actas de Jornadas y Eventos Académicos de UTN)</p>
<h6>JIM 2023</h6>
<p class="stat thin">8vo Encuentro de Jóvenes Investigadores en Ciencia y Tecnología de Materiales. INTI – Parque Tecnológico Miguelete &#8211; Córdoba</p>
<p class="stat thin">7 y 8 de Septiembre de 2023</p>
<p>Publicación de los Resúmenes y Trabajos en AJEA (Actas de Jornadas y Eventos Académicos de UTN) <a href="https://rtyc.utn.edu.ar/index.php/ajea/article/view/1299" target="_blank" rel="noopener">enlace aquí</a></p>
<h6>JIM 2019</h6>
<p class="stat thin">7mo Encuentro de Jóvenes Investigadores en Ciencia y Tecnología de Materiales. IFIR Instituto de Física de Rosario (Conicet-UNR) y la Facultad de Cs. Exactas, Ingeniería y Agrimensura de la UNR &#8211; Rosario</p>
<p class="stat thin">5 y 6 de Septiembre de 2019</p>
<h6>JIM 2017</h6>
<p class="stat thin">6to Encuentro de Jóvenes Investigadores en Ciencia y Tecnología de Materiales. INTI – Parque Tecnológico Miguelete &#8211; Buenos Aires</p>
<p class="stat thin">17 y 18 de Agosto de 2017</p>
<h6>JIM 2015</h6>
<p style="text-align: left;">5to. Encuentro Jóvenes Investigadores en Ciencia y Tecnología de Materiales. Organizado por la Sociedad Argentina de Materiales (SAM) y la Facultad de Ciencias Exactas de la Universidad Nacional de Tandil.</p>
<p style="text-align: left;">1 y 2 de Octubre de 2015 en el Instituto de Física de Materiales de Tandil</p>
<h6>Jim 2012</h6>
<p>4to. Encuentro Jóvenes Investigadores en Ciencia y Tecnología de Materiales<br />
Organizado por la Sociedad Argentina de Materiales (SAM) y el Instituto de Investigaciones en Ciencia y Tecnología de Materiales (INTEMA).</p>
<p>8, 9 y 10 de Octubre de 2012 en la Plaza del Agua, Mar del Plata.</p>
<h6>Jim 2010</h6>
<p>2010: 3º Encuentro Jóvenes Investigadores en Ciencia y Tecnología de Materiales. Realizado en la ciudad de Concepción del Uruguay, Provincia de Entre Ríos el 12 y 13 de agosto.</p>
<h6>Jim 2008</h6>
<p>2º Encuentro Jóvenes Investigadores en Ciencia y Tecnología de Materiales. Realizado en la ciudad de Posadas desde el 16 al 17 de octubre.</p>
<h6>Jim 2006</h6>
<p>1º Encuentro Jóvenes Investigadores en Ciencia y Tecnología de Materiales. Realizado en la ciudad de San Martín, Pcia. de Buenos Aires desde el 28 al 29 de septiembre.</p>

<p>JIM 2025 9no Encuentro de Jóvenes Investigadores en Ciencia y Tecnología de Materiales. UTN &#8211; Fac. Reg. Concepción del Uruguay &#8211; Concepción de Uruguay &#8211; Entre Ríos 25 y 26 de Septiembre de 2025 Publicación de los Resúmenes y Trabajos en AJEA (Actas de Jornadas y Eventos Académicos de UTN) JIM 2023 8vo Encuentro de [&hellip;]</p>
